 24*a - 26*a + 46. Calculate the remainder when 46 is divided by m.
18
Let y(z) = -4*z - 88. Let r be y(-21). Let j(a) = 3*a**2 + 4*a - 2. What is the remainder when (1 + 1)*2 + (-460)/r is divided by j(-4)?
29
Let a = 1317 + -957. Let x(p) = 11*p - 20. What is the remainder when a is divided by x(3)?
9
Suppose 0 = 5*w + 13 - 3. What is the remainder when -3 + 35 + -1 - w is divided by 6 + ((-6)/(-12)*0 - -6)?
9
Let p(x) = 2*x**2 - 3*x - 6. Let z be p(6). Suppose 0*a = 4*a - z. Suppose j = -1, 5*j = 15*k - 11*k - 141. Calculate the remainder when k is divided by a.
10
Suppose -r - s - 6 = 0, 6 = -7*r + 2*r + 3*s. Let m = r + 3. Suppose 0*b - 7*b + 1155 = m. Calculate the remainder when b is divided by 42.
39
Suppose -212*v - 1249*v = 178*v - 57365. Suppose 3*t = -3*o + 45, 5*o + 2*t = -2*t + 78. Calculate the remainder when v is divided by o.
17
Suppose -238 - 3408 = -47*l + 114. Calculate the remainder when 541 is divided by l.
61
Calculate the remainder when ((-159)/21 - (2 - (-33)/(-21))) + 111 is divided by 12.
7
Let f(z) = z**3 - 6*z**2 + 5*z. Let m(k) = -15*k**2 - 1703*k + 869. Calculate the remainder when m(-114) is divided by f(6).
11
Let m = 205 - 491. Let k = m - -325. Calculate the remainder when 232 is divided by k.
37
Let x(p) = 68*p**2 + p + 14. What is the remainder when x(-5) is divided by 29?
27
Suppose 0 = -23*z + 18*z + 95. Let h(j) = -j**3 + 18*j**2 + 23*j - 54. What is the remainder when h(z) is divided by 6?
4
Let j = 38 + -37. Let d(l) = -63*l**3 + 2*l**2 - l - 1. Let o be d(j). Let n = o + 67. What is the remainder when 27 is divided by n?
3
Let j = 4 + 4. Let f = -88 + 102. Suppose 26*r - f = -3*v + 27*r, 5*v = -r + 34. What is the remainder when j is divided by v?
2
Suppose -2*g - 16 + 104 = 0. Let o = 5 + 3. Calculate the remainder when g is divided by o.
4
Let c(m) = -4*m + 32. Let a be c(7). Suppose -3*x = 5*z - 68, -2*x = -a*x - 5*z + 47. What is the remainder when 22 is divided by -1*7/(x/(-27))?
4
Let k = 209 + 161. Suppose -4*b + k = 6*b. What is the remainder when 330 is divided by b?
34
Suppose 3 = f, 23*f + 3495 = 4*m + 28*f. What is the remainder when 432 is divided by (2/(-3))/((320/m)/(-16))?
26
Suppose 40*g = -66*g + 3028 + 1106. What is the remainder when 132 is divided by g?
15
Suppose 4044 - 1994 = 41*b. Calculate the remainder when 197 is divided by b.
47
Let z = -6005 - -6384. Calculate the remainder when z is divided by 51.
22
Let j(n) = n**3 - 41*n**2 + 311*n - 38. What is the remainder when 1375 is divided by j(9)?
23
Suppose -70 = -2*l - f, -28*l + 26*l - 2*f + 72 = 0. What is the remainder when 570 is divided by l?
26
Suppose 2*w = -0*w + 78. Suppose 21 = c + 5*r - 31, 3*c - 210 = 3*r. Calculate the remainder when c is divided by w.
28
Let m = 63 - 48. Suppose -3*h = -m, -3*h + 8*h - 23 = q. Suppose -q*j - j + 648 = 4*o, -j + 161 = o. Calculate the remainder when o is divided by 24.
21
Suppose -g = -2, -5*g = 3*q - 0*q - 10. Suppose -4*i + 285 - 25 = q. What is the remainder when 251 is divided by i?
56
Let a = 50 + -33. Suppose 81 = n + 8*n. What is the remainder when (-7)/(-21) - (-294)/n is divided by a?
16
What is the remainder when 229 is divided by (5 + 73 + 6)*10/40?
19
Suppose k = -3*k + 496. Suppose 23*a + 3*f = 24*a - 72, 7*f + 70 = 0. Calculate the remainder when k is divided by a.
40
Let z(t) = -t**2 - t - 1. Let q(b) = 3*b**2 - 2*b + 35. Suppose h + 5 = 4. Let c(w) = h*q(w) - 4*z(w). What is the remainder when c(-13) is divided by 32?
28
What is the remainder when 31/217 + (-335)/(-7) is divided by 6?
0
Suppose -3*o = -4*o + 5. Suppose 2*c - 147 = -3*m, 5*m - 2*m + o*c - 138 = 0. Calculate the remainder when m is divided by (1 + 4 + -2)*6.
15
Let m(h) = -26*h + 2193. What is the remainder when 1519 is divided by m(82)?
55
Let b(t) = t**3 - 32*t**2 + 31*t + 1. Suppose 3*c - 3*n = -c + 118, -70 = -2*c - 4*n. Let l = -3 - -4. What is the remainder when b(c) is divided by l?
0
Suppose -1570 = -45*o + 35*o. Let j = o + -123. Let c(w) = 8*w**2 + w + 2. Calculate the remainder when c(4) is divided by j.
32
Suppose -23*d + 18*d + 360 = 0. Suppose 0 = -9*o + 279 - d. Let v = 11 + o. What is the remainder when 101 is divided by v?
33
Let z(g) = g + 14. Let w(t) = -t**2 + 12*t - 19. Let n be w(10). Let r be (0/10)/(n*-2). Calculate the remainder when z(r) is divided by 5.
4
Suppose 204 = 7*r - 3*r. Suppose -t - 5*a + 11 = 0, 3*t - 2*a + 1958 - 1974 = 0. What is the remainder when r is divided by t?
3
Let r = 998 - 608. Calculate the remainder when 271 is divided by r/(-12)*(-18)/15.
37
Suppose -11*l = 9 - 64. Let x be l + (-4 - -3) - -78. Let p = x - 66. What is the remainder when p is divided by 10?
6
Suppose 0 = -2*d + 5*j + 30, -60 = -5*d + d - 5*j. Calculate the remainder when 1004 is divided by d.
14
Let f = -2090 - -2470. Calculate the remainder when f is divided by 121.
17
Let h(p) = 1. Let q(t) = 84*t + 2. Let f(w) = 2*h(w) + 2*q(w). What is the remainder when f(1) is divided by 44?
42
Let f(d) = -2*d**2 + 7*d - 40. Let q(i) = -i**3 + 7*i**2 + 19*i. Let n be q(9). Let s be f(n). Let y = -72 - s. Calculate the remainder when y is divided by 7.
4
Let s = 4 - 6. Let q = s + 26. Let u = 813028 + -812965. Calculate the remainder when u is divided by q.
15
Let f(g) = -548*g**3 + 9*g**2 + 11*g + 2. What is the remainder when f(-1) is divided by 103?
33
Let x = 504 + -470. What is the remainder when 65 is divided by x?
31
Let w(m) = m**3 - 24*m**2 - 22*m + 11. Calculate the remainder when 1276 is divided by w(25).
72
Suppose 2*s = 4*s - 46. Let z be (-1)/(25/10)*-80. Let i = 81 + z. Calculate the remainder when i is divided by s.
21
Suppose 227*u - 64178 = 28622 + 47032. What is the remainder when u is divided by 68?
4
Let l be 1334/(-10) + 36/(-60). Let w = l + 155. Calculate the remainder when 102 is divided by w.
18
Suppose 88 = 6*f - 218. Let p = -48 + f. Suppose -p*q + 8*q - 4*m = 23, -2*m = -6. Calculate the remainder when q is divided by 7.
0
Let i = -19865 + 19969. What is the remainder when 397 is divided by i?
85
Let k be (-190)/(-20)*-1 - 1/(-2). Let p(c) = -7*c - 43. Calculate the remainder when 77 is divided by p(k).
17
Suppose 331 = 9*w + 7. Let l = w - -100. Suppose -4*x = x - 115. What is the remainder when l is divided by x?
21
Let o = 23 - 21. Let v(y) = -2*y + 5. Let u be v(0). Suppose -u*l - 2*z = -98, 7 = o*l + 5*z - 28. Calculate the remainder when l is divided by 7.
6
Let x = 2943 + -2936. What is the remainder when 5/((-5)/(-16)) + 1 is divided by x?
3
Let z be 6/9*99/22. Suppose -5*o + z*o + 3*i = -30, 0 = 4*o + i - 88. Calculate the remainder when o is divided by 11.
10
Let z be -2*(-1 + 3 - 1). Calculate the remainder when (z/3)/((-14)/3381) is divided by (-1827)/(-36) - 13/(-4).
53
Let i be (-686)/35 - ((-12)/10)/(-3). Let r(u) = 2*u**2 - u - 2. What is the remainder when r(3) is divided by ((-1)/(-4) + 45/i)*-2?
1
Let z(x) = -6*x + 56. Let s(u) = -u - 1. Let a(i) = -4*s(i) - z(i). Calculate the remainder when a(13) is divided by 44.
34
Suppose -5*m = -3467*h + 3462*h + 25, 2*h = 3*m + 1. Calculate the remainder when 62 is divided by h.
6
Let v(i) be the third derivative of -3*i**4/2 - 15*i**3/2 + 2*i**2 + 10. Calculate the remainder when 247 is divided by v(-3).
58
Let p(k) = -k**3 - 6*k**2 + 9*k. Suppose 2*y = 5*y + 129. Let t = -51 - y. What is the remainder when p(t) is divided by 19?
18
Suppose 5*i = w + 219, -4*w - 102 = -8*i + 6*i. Suppose 16 = -b + 2*b. What is the remainder when i is divided by b?
11
Let i = 346 - 709. Let p = i + 375. Suppose 0 = 2*f + 7 - 21. Calculate the remainder when p is divided by f.
5
Suppose 832 + 752 = 9*f. Suppose 2*x - 554 = -f. What is the remainder when x is divided by 38?
37
Suppose -4*x = 4*f - 1088, 268 = x - 3*f - 20. Let q = 380 - x. What is the remainder when q is divided by 35?
34
Suppose 5*i = -9 - 251. Let w = 99 + i. Suppose -48 = -5*s + 2*m, -2*m - 26 - 2 = -3*s. What is the remainder when w is divided by s?
7
Suppose -48*r + 44*r + 48 = 0. Suppose 0 = -2*p + p. Suppose r*k - 9*k - 36 = p. Calculate the remainder when 21 is divided by k.
9
Suppose -68*n + 2989 = -411. Let h(a) = 12*a**2 + a. What is the remainder when n is divided by h(1)?
11
Let v(s) = -s**3 + 7*s**2 + 29*s + 64. Let b be v(16). Let r = b - 